, 3, 2971
What are the prime factors of 1186981?
1186981
List the prime factors of 74291.
7, 10613
List the prime factors of 297479.
7, 13, 467
List the prime factors of 3001246.
2, 257, 5839
What are the prime factors of 379373?
19, 41, 487
What are the prime factors of 2332679?
2332679
What are the prime factors of 1877713?
19, 37, 2671
List the prime factors of 1560221.
13, 120017
List the prime factors of 351456.
2, 3, 7, 523
List the prime factors of 725472.
2, 3, 11, 229
List the prime factors of 30388.
2, 71, 107
List the prime factors of 114088.
2, 13, 1097
What are the prime factors of 25847010?
2, 3, 5, 7, 5861
What are the prime factors of 3275804?
2, 7, 116993
What are the prime factors of 312129?
3, 79, 439
List the prime factors of 22686660.
2, 3, 5, 126037
What are the prime factors of 406203?
3, 7, 23, 29
List the prime factors of 2173535.
5, 7, 13, 17, 281
What are the prime factors of 190838?
2, 95419
List the prime factors of 4805384.
2, 600673
What are the prime factors of 712256?
2, 31, 359
List the prime factors of 63649.
63649
What are the prime factors of 101920?
2, 5, 7, 13
List the prime factors of 23895564.
2, 3, 7, 11, 2351
List the prime factors of 5711532.
2, 3, 179, 2659
List the prime factors of 638115.
3, 5, 19, 2239
List the prime factors of 818603.
818603
What are the prime factors of 12330?
2, 3, 5, 137
What are the prime factors of 56017?
13, 31, 139
What are the prime factors of 382423?
29, 13187
List the prime factors of 3577791.
3, 7, 170371
What are the prime factors of 12194015?
5, 17, 41, 3499
List the prime factors of 12610977.
3, 131, 32089
List the prime factors of 1393507.
17, 81971
What are the prime factors of 1149335?
5, 11, 20897
What are the prime factors of 5273089?
19, 277531
List the prime factors of 1179085.
5, 31, 7607
What are the prime factors of 8669810?
2, 5, 71, 12211
What are the prime factors of 6236616?
2, 3, 53, 4903
What are the prime factors of 5021893?
5021893
What are the prime factors of 59271?
3, 23, 859
List the prime factors of 4636102.
2, 59, 101, 389
List the prime factors of 11253005.
5, 2250601
What are the prime factors of 7068958?
2, 13, 23, 11821
List the prime factors of 1124809.
7, 160687
List the prime factors of 498657.
3, 166219
What are the prime factors of 430433?
430433
List the prime factors of 312649.
29, 10781
List the prime factors of 90267.
3, 30089
List the prime factors of 146442.
2, 3, 24407
What are the prime factors of 7134189?
3, 439, 5417
What are the prime factors of 56328?
2, 3, 2347
List the prime factors of 22582814.
2, 11291407
List the prime factors of 20482567.
7, 79, 37039
What are the prime factors of 114172?
2, 17, 23, 73
List the prime factors of 3720978.
2, 3, 103, 223
List the prime factors of 5102767.
43, 118669
What are the prime factors of 7511276?
2, 1877819
What are the prime factors of 9104874?
2, 3, 317, 4787
List the prime factors of 888182.
2, 17, 151, 173
What are the prime factors of 659694?
2, 3, 7, 113, 139
List the prime factors of 32721.
3, 13, 839
List the prime factors of 52578.
2, 3, 23, 127
What are the prime factors of 104854?
2, 103, 509
List the prime factors of 788006.
2, 19, 89, 233
What are the prime factors of 1494635?
5, 19, 15733
List the prime factors of 565401.
3, 229, 823
List the prime factors of 825656.
2, 13, 17, 467
List the prime factors of 4979824.
2, 19, 16381
List the prime factors of 11193228.
2, 3, 179, 193
What are the prime factors of 14291074?
2, 7, 659, 1549
What are the prime factors of 7712065?
5, 1063, 1451
List the prime factors of 23579595.
3, 5, 13, 17, 2371
What are the prime factors of 18433224?
2, 3, 61, 1399
What are the prime factors of 199354?
2, 263, 379
List the prime factors of 914673.
3, 509, 599
What are the prime factors of 1791755?
5, 7, 51193
List the prime factors of 3085555.
5, 11, 56101
List the prime factors of 491933.
13, 79, 479
List the prime factors of 18090046.
2, 13, 695771
List the prime factors of 6612063.
3, 23, 79, 1213
List the prime factors of 13300396.
2, 3325099
What are the prime factors of 401228?
2, 37, 2711
List the prime factors of 823591.
823591
What are the prime factors of 13847721?
3, 197, 23431
List the prime factors of 14444788.
2, 19, 190063
What are the prime factors of 1690329?
3, 53, 10631
List the prime factors of 15414753.
3, 59, 73, 1193
List the prime factors of 27278169.
3, 9092723
What are the prime factors of 14629?
14629
List the prime factors of 3913818.
2, 3, 23, 79, 359
List the prime factors of 951723.
3, 101, 349
List the prime factors of 1539488.
2, 48109
What are the prime factors of 5900307?
3, 7, 280967
List the prime factors of 59220.
2, 3, 5, 7, 47
What are the prime factors of 612137?
612137
What are the prime factors of 1262848?
2, 4933
List the prime factors of 72545.
5, 11, 1319
List the prime factors of 10886865.
3, 5, 11, 65981
What are the prime factors of 1724163?
3, 7, 37, 317
List the prime factors of 223842.
2, 3, 37307
List the prime factors of 147594.
2, 3, 17, 1447
What are the prime factors of 5542688?
2, 173209
List the prime factors of 3197004.
2, 3, 266417
What are the prime factors of 2002775?
5, 80111
List the prime factors of 417816.
2, 3, 7, 829
What are the prime factors of 320408?
2, 11, 331
What are the prime factors of 4914672?
2, 3, 7, 14627
List the prime factors of 504389.
504389
List the prime factors of 1312231.
43, 30517
What are the prime factors of 327125?
5, 2617
What are the prime factors of 6285483?
3, 698387
What are the prime factors of 1222013?
13, 23, 61, 67
What are the prime factors of 588758?
2, 29, 10151
List the prime factors of 460240.
2, 5, 11, 523
What are the prime factors of 151794?
2, 3, 937
What are the prime factors of 1463575?
5, 58543
List the prime factors of 4242914.
2, 13, 12553
What are the prime factors of 13793034?
2, 3, 2298839
What are the prime factors of 586876?
2, 146719
List the prime factors of 86237.
83, 1039
What are the prime factors of 5347065?
3, 5, 193, 1847
List the prime factors of 1308322.
2, 654161
What are the prime factors of 1082942?
2, 7, 103, 751
What are the prime factors of 906293?
906293
List the prime factors of 4568841.
3, 199, 2551
What are the prime factors of 305989?
67, 4567
List the prime factors of 1894533.
3, 23, 27457
List the prime factors of 8592879.
3, 2864293
List the prime factors of 36298.
2, 18149
List the prime factors of 5313320.
2, 5, 132833
What are the prime factors of 202863?
3, 19, 3559
List the prime factors of 90342.
2, 3, 7, 239
List the prime factors of 23825.
5, 953
What are the prime factors of 3481?
59
List the prime factors of 2026191.
3, 31, 21787
List the prime factors of 619866.
2, 3, 13, 883
List the prime factors of 34184397.
3, 13, 876523
List the prime factors of 17221878.
2, 3, 113, 8467
List the prime factors of 1807656.
2, 3, 109, 691
What are the prime factors of 366474?
2, 3, 103, 593
What are the prime factors of 73368?
2, 3, 1019
List the prime factors of 81973.
81973
What are the prime factors of 538271?
17, 31663
What are the prime factors of 734615?
5, 7, 139, 151
What are the prime factors of 309568?
2, 7, 691
What are the prime factors of 9482584?
2, 83, 14281
What are the prime factors of 2691789?
3, 897263
What are the prime factors of 6093286?
2, 1423, 2141
What are the prime factors of 5180175?
3, 5, 7, 11, 13, 23
What are the prime factors of 169514?
2, 131, 647
List the prime factors of 232042.
2, 181, 641
What are the prime factors of 9878668?
2, 107, 23081
List the prime factors of 119537.
11, 10867
What are the prime factors of 306699?
3, 102233
List the prime factors of 3798624.
2, 3, 39569
List the prime factors of 31180426.
2, 15590213
List the prime factors of 2436546.
2, 3, 7, 58013
List the prime factors of 2754360.
2, 3, 5, 7, 1093
What are the prime factors of 4484444?
2, 29, 67, 577
What are the prime factors of 1036678?
2, 19, 27281
List the prime factors of 273062.
2, 136531
What are the prime factors of 276636?
2, 3, 23053
List the prime factors of 186764.
2, 46691
What are the prime factors of 51888?
2, 3, 23, 47
What are the prime factors of 738898?
2, 23, 16063
What are the prime factors of 1887281?
11, 171571
What are the prime factors of 154459?
15445